be v(-6). Let m = z - q. What is the units digit of m?
4
What is the tens digit of 10/(-15)*(-6)/(-4) + 320?
1
Suppose c + 4*q = 20, 4*c + 4*q - 44 - 12 = 0. Let h = -8 + c. Suppose 0 = -5*b - 0*w - 3*w + 19, -w = h*b - 18. What is the units digit of b?
5
Let l be 95/10 + 1/2. Let y = l - 3. What is the units digit of y?
7
Suppose x - 28 - 25 = 0. What is the tens digit of x?
5
Let w be 20/6*(-18)/4. Let b = w + 27. Suppose -2*m + 14 + b = 2*l, 0 = 3*l - 12. What is the units digit of m?
9
Suppose -5*g - 4*f = -188, 0 = -g - 2*f + 23 + 17. What is the tens digit of g?
3
Suppose 5*v - 3*v = 0. Suppose -4*w - 25 + 81 = v. What is the units digit of w?
4
Suppose 4*b + 0*y - 956 = -4*y, 5*y - 487 = -2*b. What is the units digit of b?
6
Let l(o) = -5*o - 1. Suppose -p = 5, -2*r = 2*r - 2*p - 14. Let c = r - 3. What is the units digit of l(c)?
9
Suppose 3*c + s + 0*s - 8 = 0, -2*c - 5*s + 1 = 0. Suppose 4*u = t + 79, 2*t + c = -2*u + 35. What is the tens digit of u?
1
What is the units digit of ((-27)/12)/(4/(-480))?
0
Let c be (-120)/(-9)*(-30)/(-4). What is the units digit of 1/(-7) - c/(-14)?
7
Let k(x) = -x**3 - 9*x**2 - 3*x + 6. What is the units digit of k(-10)?
6
Suppose z = 3*x - 6, -4*z + 4*x - 3*x - 13 = 0. Let p = -2 - z. What is the units digit of p?
1
Let v = -25 + 45. Suppose 2*p - v = 10. What is the units digit of p?
5
What is the units digit of -6 + 10 - (-1 - 6)?
1
Suppose 0 = -2*j - 1 + 5. Let q be j/(-4) - 51/(-6). What is the units digit of 1/(-4) - (-58)/q?
7
Let g(c) = c**2 + 3*c + 2. Let i be g(-2). Suppose 3*v - 1 - 5 = 0, i = 4*s - 3*v - 38. What is the tens digit of s?
1
Suppose -3*f + 60 = 2*f. Let w be f + -10 - 2/1. Let n = 1 + w. What is the units digit of n?
1
Let m(o) = o**3 + 5*o**2 - 5*o + 8. Let v be m(-6). Suppose 2*z + v*z - 284 = 0. Suppose -76 = -5*d - 3*f, 4*f = 4*d + 3*f - z. What is the units digit of d?
7
Let k(m) = m**2 + 2*m - 3. Let x be k(-3). Let c(y) = -y**2 + 5*y - 2. Let n be c(3). Suppose x = -n*d - 3 + 11. What is the units digit of d?
2
Let h(x) = 0*x + x + 3*x - 5. What is the tens digit of h(4)?
1
Let q be 6 + -5 - (8 - -1). Let g be (-8)/(-3) - q/(-12). Suppose g*w = b + 2 - 3, -4*b - 2*w + 34 = 0. What is the units digit of b?
7
Let t(i) = i**3 - 8*i**2 + 6*i + 7. Let g be t(7). Suppose 0 = 4*s - g*s - 96. What is the units digit of s?
4
Let b be (-2)/4*(3 - 57). Suppose -4*n + b = -n. What is the units digit of n?
9
Let o = -17 + 33. What is the tens digit of o?
1
Let z(b) = 2*b**2 - b + 2. Let l be z(2). Let r = 19 - l. What is the units digit of r?
1
Let p(s) = s**3 - 12*s**2 + s. What is the tens digit of p(12)?
1
Let b = 4 - 0. Suppose -11 = -3*u - 5*g, 6 = 5*u - 4*g - 0*g. Suppose -u*r + 9 = -3*x, -3*r + 0*x + b = 5*x. What is the units digit of r?
3
Let o(z) = z**2 - 5*z + 9. Let u be (-41)/(-5) - 2/10. What is the units digit of o(u)?
3
Let s = -39 - -25. What is the tens digit of 8/s - 912/(-28)?
3
Let w be (2/(-4))/((-4)/40). Suppose 2*x - 5*c = -0*x + 36, 0 = -w*c - 20. What is the units digit of 0 + 3 + x + -1?
0
Suppose 4*r + 3*v = -28, 0 = -2*r + 2*v - 12 - 2. Let l = r - -27. What is the tens digit of l?
2
Let l be ((-8)/6)/((-4)/6). Let z = -1 - l. Let x(j) = -j**3 - 3*j**2 - j - 2. What is the units digit of x(z)?
1
What is the hundreds digit of ((-188)/2)/(1/(15/(-10)))?
1
Suppose b = -4*u + 10 - 0, 4 = 2*b. Suppose u*v = 6 + 4. Suppose v*c + 8 + 22 = 2*j, c - 6 = -2*j. What is the units digit of j?
5
Suppose 4*q = -q + 10. Suppose b + 0*b = -h + 7, -q*b = h - 12. What is the units digit of 76/28 + h/7?
3
Suppose -y - 2*y + 372 = 0. What is the units digit of (y/(-6))/(10/(-15))?
1
What is the units digit of 0 - 1 - (-11)/(-2)*-16?
7
Suppose 2*n + 86 = 5*k, 4*k - 3*n + 6*n = 55. What is the tens digit of k?
1
What is the tens digit of 7*(-1)/((-1)/12)?
8
Let z = 132 - 66. What is the tens digit of z?
6
Let o(n) = 21*n - 1. Let r = -6 + 7. What is the tens digit of o(r)?
2
Let f(w) be the third derivative of 1/30*w**5 + 5/24*w**4 - w**2 + 0*w + 0 + 1/3*w**3. What is the units digit of f(-3)?
5
Let c(f) = f**3 - 5*f**2 - 6. What is the tens digit of c(6)?
3
Suppose -62 = 3*p - 176. What is the tens digit of p?
3
Let j = 5 + 20. What is the units digit of j?
5
Suppose 0*b = -5*b. Suppose 5*r - 42 = 6*a - 2*a, b = -2*r - a + 9. What is the units digit of (9/r)/((-3)/(-16))?
8
Suppose -14*m + 8*m = -1200. What is the tens digit of m?
0
Let j = 72 + 1. What is the tens digit of j?
7
Let u = 2 + 0. Let b(s) = -2*s - 1 - 5 + u. What is the units digit of b(-4)?
4
Let a be (13 + 3)*(-3)/(-6). Let o = -5 + a. What is the tens digit of (-1 - (-2)/o)*-51?
1
Suppose n = -3*o - 28, -n = -0*n - 5. Let c = o + 16. Suppose -4*p + 21 = -c*j, 2*p + 5*j = 2 + 31. What is the units digit of p?
9
Let i(m) = m**3 - 4*m**2 - 4*m + 2. Let f be i(5). Let s(o) = o**2 - o + 2. Let d be s(6). Suppose f*u = 3*u + d. What is the units digit of u?
8
Let j = 30 + 4. What is the units digit of j*1/(-8)*-8?
4
Let p(l) be the third derivative of -l**5/60 - l**4/8 - 2*l**2. Let i be p(-3). Suppose 67 - 14 = 5*m - 4*k, -5*m + 3*k + 51 = i. What is the units digit of m?
9
Let f = -10 - -13. Suppose -f*t + 2 = -13. What is the units digit of t?
5
Let v be (-1)/((-3)/(-6)*2). Let z = v - 1. What is the tens digit of ((-1)/z)/((-3)/(-84))?
1
Suppose -3*y = -5*u - 2, 0 = -y - 2 + 6. What is the units digit of 0 + (u/2)/1?
1
Suppose -6*q - 4*m = -q - 670, 0 = -5*q + 5*m + 715. Suppose -l - 4 + 2 = 0, 5*n - 4*l - q = 0. What is the units digit of n?
6
Suppose -i + 2*i = 0. Suppose -5*l + 0*j + 4*j + 9 = i, 3*l + j = 19. Suppose -2*r = -l*r + 24. What is the units digit of r?
8
Suppose -17*a + 18*a = 6. What is the units digit of a?
6
What is the hundreds digit of 0/(2 + -4 + 4) + 243?
2
Let r(n) = 3*n - 4. Let i(y) = y. Let v(t) = -4*i(t) + r(t). Let a be v(-8). Suppose 0 = a*h - 4*u, 0*u - 3 = -h - 2*u. What is the units digit of h?
1
What is the tens digit of (-14 - -36) + (0 - -1)?
2
Suppose -l - 13 = -d, -3*d + 5*l + 30 + 1 = 0. Let z = d - 9. What is the units digit of z?
8
Suppose -420 = -5*t - 0. What is the tens digit of t?
8
Let n(y) = -4*y + 1. Let t be n(-1). Suppose -5*s + 73 = 2*r, s - 66 - 11 = -3*r. Suppose -t*a = -74 + r. What is the units digit of a?
0
Let n = 13 + -6. Suppose 19 = 3*j + n. What is the units digit of j?
4
Let m = 9 + -5. Suppose 3*j - j - 2 = -p, -m = 3*j + 5*p. Suppose k - j*k = -4. What is the units digit of k?
4
Let i(u) be the third derivative of u**5/60 + u**3/3 + 3*u**2. Let z be i(4). Suppose -3*l = -4*d - 23, -d + z = 2*l - 12. What is the tens digit of l?
1
Suppose -3*s - 222 = -p, p + p + s = 479. What is the hundreds digit of p?
2
What is the tens digit of ((-2)/4)/((-15)/3030)?
0
Let l(n) be the third derivative of -n**6/120 + n**5/60 + n**4/12 + n**3/6 - 3*n**2. Let t be l(-1). Suppose 19 + t = 5*s. What is the units digit of s?
4
Let g(i) be the second derivative of i**4/12 - i**3/3 - 2*i**2 - 3*i. What is the tens digit of g(-3)?
1
Let v = -68 + 95. What is the units digit of v?
7
Suppose -d = -0*d - 49. What is the tens digit of d?
4
Let m be (4 + 0)*(-5)/(-4). Suppose -m*a + 45 = -2*d, 3 = 2*a + 5*d - 44. What is the tens digit of a?
1
Let d(w) = -4*w - 13. Let c be d(-4). Suppose c*a + 15 = -0, -31 = -4*k + 3*a. What is the units digit of k?
4
Suppose -5*i = -11 - 9. What is the units digit of ((-2)/i)/(1/(-12))?
6
Suppose 0 = -0*n - 3*n + 180. What is the units digit of n?
0
Let j = 0 - -2. Suppose 4*d = 5*w + 7*d + 55, -w + j*d = 11. Let s = -6 - w. What is the units digit of s?
5
Let k(s) = 12*s**2 - 3*s + 2. What is the tens digit of k(2)?
4
Suppose 5*h - 12 = 38. What is the tens digit of h?
1
Let a be (2 + -6)*-8*-4. What is the units digit of (-1)/(-3) + a/(-48)?
3
Suppose 6*n - 23 = 2*n - 5*f, -2 = -4*n + 2*f. Suppose 0 = -0*q + n*q. Suppose -2*s + 9 = -w, -s - w + 3 + q = 0. What is the units digit of s?
4
Let a(c) = -c**2 + 7*c - 4. Let k be a(6). Let j = 3 - -6. Let d = j - k. What is the units digit of d?
7
Suppose -n - 3*x + 20 = 2*x, 0 = 4*n + x + 15. Let o = n - -18. What is the units digit of o?
3
Let h(x) = x - 7. Let f be h(7). Suppose s - 1 + 8 = 3*r, 4*s - r - 5 = f. Suppose -3*k - s + 5 = -5*o, -5*k = 3*o - 39. What is the units digit of k?
